 3*w - 7*w, 0 = 4*w - 2*o + 2738. Calculate the remainder when (w/(-2))/((-2)/(-4)*3) is divided by 58.
55
Let n = -1 - -10. Suppose 5*f - 8*f + n = 0. Suppose -3*y = -0*m + f*m - 51, 0 = m + 5*y - 9. Calculate the remainder when 74 is divided by m.
17
Suppose -3*w - 4*r + 29 = 0, 2*r = -w + 4*w + 1. Suppose -w*m + 5*z + 22 = -26, 5*m + 4*z - 117 = 0. Calculate the remainder when 103 is divided by m.
19
Suppose 380*a = 347*a + 7557. What is the remainder when 459 is divided by a?
1
Suppose -h = 2*h - c + 848, -c - 1416 = 5*h. Let p = h - -324. Let s(m) = m**3 + 7*m**2 + 8*m + 4. Calculate the remainder when p is divided by s(-5).
13
Let y(u) = u**2 - 2*u. Let p be y(-1). Suppose 183 = -p*x + 7*x - 3*w, -237 = -5*x + w. What is the remainder when 107 is divided by x?
11
Let r be 95 + -1 - (-48)/8. Suppose -n + 12 = -3*u + 8, 5*n = -5*u + r. What is the remainder when 91 is divided by n?
11
Suppose 5686 = -11*d + 6060. Calculate the remainder when 324 is divided by d.
18
Let p(m) be the second derivative of m**4/4 + 4*m**3/3 - 11*m**2/2 - 4*m. What is the remainder when ((-8)/2)/((-3640)/(-730) - 5) is divided by p(-6)?
47
Let p = 248 - 246. Calculate the remainder when 91/p - 6/(-12) is divided by 18.
10
Let x be (-141)/13 + (5 - (-268)/(-52)). Let s(u) = -104*u - 216. Calculate the remainder when s(x) is divided by 31.
29
Let w = 583 + -556. Suppose -w - 659 = -49*m. Calculate the remainder when 119 is divided by m.
7
Let y = 166 - 134. What is the remainder when y is divided by (2 - 3)/(2/(-10))?
2
Suppose -9*i - 24 = -11*i - 5*a, -a = -4*i + 4. Suppose 2*p + 9*v - 4*v - 75 = 0, -3*p + i*v = -65. Calculate the remainder when 96 is divided by p.
21
Let a be (6 - 6)*-1 - -9. Suppose w - 1850 = -a*w. Calculate the remainder when w is divided by 31.
30
Suppose -264*v + 3*m = -266*v + 4743, 0 = -2*v - 2*m + 4752. Calculate the remainder when v is divided by 339.
12
Let i(j) = 642*j + 1360. What is the remainder when i(-2) is divided by (-6)/33 + (-246)/(-22)?
10
Suppose 2 = -25*q + 26*q. Let k(b) = 3 - 4*b - q*b + 0 - 9*b**2 + 10*b**2. What is the remainder when 54 is divided by k(8)?
16
Suppose 3*n - 333 = -3*u, -6 = -2*u + n + 231. Let f = 152 - u. Calculate the remainder when 429 is divided by f.
33
Let b = -2 + 1. Suppose -2*k + 4*w = -60, -311 + 335 = 2*k + 5*w. What is the remainder when (19 - k) + b + 266/2 is divided by 13?
12
Let r(v) = 3*v**3 - 166*v**2 + 63*v + 141. Calculate the remainder when r(55) is divided by 5.
1
Suppose -n = -71*n + 420. Suppose 7*g + n*g = 364. What is the remainder when 445 is divided by g?
25
Let h = 7318 - 7249. Suppose -2*u - 37 = -5*q - u, -2*u - 26 = -4*q. Suppose -o - c = 3*c + q, 56 = 3*o - 4*c. What is the remainder when h is divided by o?
9
Suppose 515*a - 516*a = 4*u - 8623, 4*u = 3*a + 8643. What is the remainder when u is divided by 6?
3
Suppose 0 = 3*i - 36 - 54. Let s = 32 + -20. Suppose h + 4 - s = 0. What is the remainder when i is divided by h?
6
Let n = -1365 + 1505. Calculate the remainder when n is divided by 131.
9
Suppose 27*d - 567 = -135. What is the remainder when 707 is divided by d?
3
Suppose -2*u - x + 46 = 0, 0 = 3*u + x - 1 - 71. Let a(k) = -k - 7. What is the remainder when u is divided by a(-16)?
8
Suppose -6*a = -65 - 67. What is the remainder when 215*((-24)/(-30) + -1)*-3 is divided by a?
19
Suppose 0 = 21*d - 32 - 31. Suppose 0 = 6*j - d*j + y - 148, -5 = -5*y. Let f = -5 - -22. Calculate the remainder when j is divided by f.
15
Let m(s) = s**3 + 78*s**2 + 3*s + 388. Calculate the remainder when 313 is divided by m(-78).
5
Suppose 408 = r - 0*r + 5*y, 0 = y. Let l = -371 + r. Calculate the remainder when 405 is divided by l.
35
Suppose 8*l + 7896 - 6329 - 16727 = 0. What is the remainder when l is divided by 65?
10
Let g(y) = -4 + 65*y**3 - 5*y - 64*y**3 + 3*y**2 - 1. Calculate the remainder when 15 is divided by g(-2).
6
Suppose 5*a + 928 - 228 = 0. Let v = a + 150. Calculate the remainder when 228 is divided by v.
8
Let a be (1 - (-22)/(-14)) + (-85)/35. Let c be 3*13*(a - -4). Let w = c - 10. What is the remainder when 115 is divided by w?
28
Let c = 3870 + -2730. Let p = c + -1130. Suppose -h + 2*h - 36 = 0. Calculate the remainder when h is divided by p.
6
Suppose -3*b + 4*n = -493, -n + 277 = 4*b - 374. Let g be (840/50)/(2/(-10)). Let h = b + g. What is the remainder when h is divided by 28?
23
Let n be -138 - 7/((-42)/(-12)). Let f = -1 - n. What is the remainder when f is divided by 13?
9
What is the remainder when 51324/423*(1 + (-2 - 10/(-4))) is divided by 123?
59
Let m(x) = -46*x + 1. Suppose 2*t = -l - 6, -185*l - 4*t = -184*l + 22. Calculate the remainder when m(-1) is divided by l.
7
Suppose 565 = -18*r + 19*r. Calculate the remainder when (r/6)/5 - (-18)/108 is divided by 11.
8
Let m(h) = 2*h**2 - 4*h - 3. Suppose 161 = -9*v + 16*v. What is the remainder when m(-5) is divided by v?
21
Let m be 1/(-2 - (-25)/15). Let x(j) = j**3 + 5*j**2 + 3*j - 4. Let b be x(m). Calculate the remainder when 546/9 + b/15 is divided by 16.
13
Let m = 5 + 5. Suppose -4*x = -5*x + 13. What is the remainder when x is divided by ((-4)/(-6))/(m/105)?
6
Let f be 10/(-5)*(-10)/4. Suppose 2*q = f*x + 6*q - 41, q - 26 = -3*x. Calculate the remainder when 18 - (-4 + 1/1) is divided by x.
3
What is the remainder when (11 - 17) + (2 - -3 - -438) is divided by 109?
1
Let m = -18736 + 18739. Calculate the remainder when 273 is divided by m.
0
Suppose -8*g = -7*g - 8. Let h(b) = -6*b**3 + 6*b**2 - b**3 + g*b**3 - 12*b - 17*b**2 + 9. What is the remainder when 12 is divided by h(12)?
3
Let a = 70376 + -70338. Suppose -4*d + 9*d = 1100. What is the remainder when d is divided by a?
30
Suppose -25*p - 185 = -35. Calculate the remainder when 263 is divided by -2 - (p + 1) - (-3 + -13).
16
Suppose -191*f - 133*f = -76*f - 3472. What is the remainder when 3356 is divided by f?
10
Let g(c) = -5*c + 94. Let v(j) = -2*j + 16. Let p be v(15). Let y(l) = -3*l + 1. Calculate the remainder when y(p) is divided by g(14).
19
Let n = 50 - 7. Suppose n = 5*s - 1372. Let i = -467 + 524. Calculate the remainder when s is divided by i.
55
Suppose 0*r + 2*r - 25 = -d, 35 = d + 4*r. Calculate the remainder when 11 is divided by (-96)/(-45) + (-2)/d.
1
Let c = -7767 - -7888. Calculate the remainder when c is divided by 5.
1
What is the remainder when 9281 is divided by ((-175)/(-240) - (-4)/(-64))/(2/12)?
1
Let z be (-16)/(-2) + -7 + 5. Suppose 0 = -2*v - v + z. Suppose -5*m + v*m = -156. What is the remainder when m is divided by 18?
16
Suppose -37545 = 32*g - 38633. Let c(y) = 30*y. Calculate the remainder when c(4) is divided by g.
18
Suppose -2*h - w + 522 = 0, -4*h - 4*w + 573 + 463 = 0. Calculate the remainder when 549 is divided by h.
23
Let n(f) = -6*f - 13. Let g be (1 - 1)/(1 + -2). What is the remainder when 26 + -26 - (-79 + g) is divided by n(-9)?
38
Let w(r) = 4*r**3 + 38*r**2 + 22*r + 90. What is the remainder when w(-9) is divided by 26?
2
Let r = -11963 + 12891. Calculate the remainder when r is divided by 154.
4
Let j = -31596 - -31803. Calculate the remainder when 1074 is divided by j.
39
Suppose -4*h + 24*r = 23*r - 16, 3*r + 8 = 2*h. Suppose -3*n = -4*p - 67, -4*p = -h*n + 128 - 44. Calculate the remainder when 79 is divided by n.
11
Let m(g) = 13*g - 21. What is the remainder when 36 is divided by m(3)?
0
Let d = 530 + -392. Suppose 3 = h - 0. Suppose -h*l + 93 + d = 0. Calculate the remainder when l is divided by 16.
13
Suppose 4*u - a + 44 = 0, -3*a - a - 4 = 2*u. Let t = u - 21. Let j = t - -46. What is the remainder when j is divided by 9?
6
Suppose -366 - 42 = -7*n + n. What is the remainder when 399 is divided by n?
59
Let v = -248 + 272. Let n be (-6)/2 - 26/(-1). Suppose 3*g - g = -t + n, -3*g = -2*t - v. What is the remainder when 24 is divided by g?
4
Let b be 6/8 + 10/8. Suppose b*o - 116 = 5*m + 14, -3*o + 208 = -m. Calculate the remainder when o is divided by 13.
5
Let l = -24 - -26. Suppose 0*h - 24 = l*h. Let u = 61 - h. What is the remainder when u is divided by 25?
23
Suppose -2*d - 3 = -5*y, 5*y + 2 - 10 = -3*d. Let j be (91 + -16)/(y/1). Let m = -51 + j. Calculate the remainder when 94 is divided by m.
22
Let b = -9754 - -9830. What is the remainder when 945 is divided 